 - 4*k**2. Give n(-1).
-1
Let l(r) = 9*r**2 - 12*r + 2. Let j(k) = 8*k**2 - 11*k + 1. Let z(w) = -7*j(w) + 6*l(w). Let o(u) = 1. Let q(p) = 3*o(p) - z(p). Determine q(4).
10
Let p(s) = s. Let k(w) = -2*w + 1. Let g be k(-6). Let f = -2 - g. Let o = f + 13. Determine p(o).
-2
Let r = -54 + 35. Let g be (-4)/(-34) + r/17. Let l(p) = -12*p**2 + 1. Calculate l(g).
-11
Let j(s) = -s**3 - 5*s**2 - 3*s - 2. Suppose -5 = 17*h - 12*h + 5*x, -5*h - 3*x - 11 = 0. Determine j(h).
-6
Let p be (-244)/(-240) + -4 + 3. Let k(d) be the third derivative of 1/3*d**3 + 0*d - 7/24*d**4 + 0 + 5*d**2 - p*d**5. What is k(-4)?
14
Let i(x) be the first derivative of x**3/3 + 3*x**2 + 7*x + 2. Let w be i(-6). Let m(g) = -g**3 + 8*g**2 - 2 + 101*g - 3 - 108*g - 2 + 0*g**3. Determine m(w).
-7
Let h(m) = 6*m + 7. Suppose 8*w + 7 + 1 = 0. Let l(g) = -g**2 - 1. Let b(s) = s**3 - 2*s**2 - 2*s + 3. Let c be b(2). Let z(y) = c*h(y) + w*l(y). What is z(6)?
-6
Suppose 14 = 2*i + 2. Let c be -3 - (-9)/i*2. Let l(x) = -x**3 + 1. Give l(c).
1
Let w = -3 - 5. Let r(d) = -d - 11. Let b be r(w). Let h(l) = -2*l - 5 - 3*l + 4*l + 2. Calculate h(b).
0
Suppose -w - 3*w = 28. Let k(f) = f**2 + 11*f + 33. Let u be k(w). Let z(a) = a**2 - 3*a + 5. Determine z(u).
15
Let d(h) = -h**3 - 7*h**2. Let a(q) = 5*q - 11. Let k be a(10). Let m = k - 46. Calculate d(m).
0
Let d(q) = -q + 5. Let c(l) = -6. Let j(i) = -2*c(i) - 3*d(i). Let p(r) = -2*r + 3. Let w(x) = -3*j(x) - 4*p(x). Determine w(-4).
1
Let m = 31 - 28. Suppose 4*f - m*i + 8 = 0, 0*i = -2*f + 3*i + 2. Let l(n) = -n**2 - 5*n + 5. Give l(f).
5
Let i(j) = j**2 - 72 + 4*j - 12*j + 67. Determine i(7).
-12
Let i = -37 + 39. Suppose 7*z - i*z = 150. Let o = z + -35. Let h(r) = r**3 + 4*r**2 - 7*r - 5. Determine h(o).
5
Let b(r) = 5*r**3 - 5*r**2 - 7*r - 4. Let x(m) = -m**3 + m + 1. Let v(t) = b(t) + 6*x(t). Let c(f) = f**3 + 15*f**2 - 5*f - 80. Let h be c(-15). Determine v(h).
7
Let x = 611 - 608. Let h(k) be the second derivative of -k**5/60 + k**4/4 - 2*k**3/3 + 3*k**2/2 + 3*k. Let b(t) be the first derivative of h(t). Calculate b(x).
5
Let d(k) = 2*k**3 - 2*k**2 - 2*k - 1. Let w = -8 - -25. Let p = 16 - w. Give d(p).
-3
Let i(p) = 4*p - 21. Let a(x) = -x + 4. Let k(m) = -6*a(m) - i(m). What is k(-4)?
-11
Let o = 24 - 23. Let l(z) = -z. Let v(w) = -4. Let a(h) = o*v(h) - l(h). Calculate a(-7).
-11
Let g(n) = -4 + 6*n + 2 - n**3 + 2*n**2 + 0*n**3. Suppose 4*u + 40 = 4. Let q = u + 13. Calculate g(q).
-10
Suppose -k - j = -3*k + 26, 2*k - 2 = -5*j. Let q(a) = -1 + 23*a**2 + k*a - 24*a**2 - 7*a. Suppose 4*n - 5 = 7. Determine q(n).
2
Let k(w) = -w**2 - w + 7. Suppose 0 = -225*u + 220*u. What is k(u)?
7
Suppose 7 = c + 5*q, 4*c = -4*q - 6 + 34. Let o(f) = 6*f - 45. Give o(c).
-3
Let d be (-3)/((-3)/(-4))*(-6 - -7). Let g(x) = x**3 + 5*x**2 + 1. Calculate g(d).
17
Let s(r) = 2*r**3 - 9*r**2 - 4*r - 7. Let c(p) = p**3 - 4*p**2 - 2*p - 3. Let j(h) = 7*c(h) - 3*s(h). Let u = -43 + 45. Calculate j(u).
0
Let r = -76 + 90. Let z(p) = 2*p**2 - 27*p - 17. Determine z(r).
-3
Let z(x) = 0*x**3 - 2*x**3 - 7*x + 3*x**3 + 4*x**2 + 0*x**3 - 5. Let r be 2/(6/9 + (-32)/30). Calculate z(r).
5
Let v(x) = -2*x + 7. Suppose 4*m = -38 + 66. Determine v(m).
-7
Let s(l) = -4*l**3 + l**2 + 2*l - 3. Let i be s(2). Let t = i - -53. Let x = t + -28. Let b(r) = -r**3 + 2*r + 3. Give b(x).
7
Let k(j) be the first derivative of j**4/2 + 13*j**3/3 + 2*j**2 + 8*j + 468. Calculate k(-6).
20
Let z = -27 - -29. Let a(m) = 68*m - 36*m - z + 2*m**2 - 29*m. Give a(-3).
7
Let a(v) be the second derivative of 0 - 3/2*v**2 - 3*v + 1/12*v**4 + 7/6*v**3. What is a(-7)?
-3
Let k(v) = -5*v**2 + 2. Let p(o) = -4*o**2 + o + 1. Let d(g) = 3*k(g) - 4*p(g). Suppose 2*m = 2, 0 = 5*j - 3*m - 2*m - 25. Let i = j + -2. Calculate d(i).
2
Let h be ((-3)/6)/((-3)/(-30)). Let p(m) be the second derivative of -m**4/12 - 7*m**3/6 - 3*m**2/2 - 2*m + 17. Calculate p(h).
7
Let x = -107 - -163. Let t = -59 + x. Let h(p) = 2*p**2 + p**3 - 4*p - 2 - p - p**2. Determine h(t).
-5
Let o(g) = 37 - g**2 - 5*g - 9 - 30. Calculate o(-2).
4
Let q = -1 + -77. Let j = 84 + q. Let h(f) = f**3 - 7*f**2 + 6*f + 6. Calculate h(j).
6
Let m(k) = -k - 2. Let z(y) = y**2 + 8*y + 13. Let j be z(-8). Suppose 12*d + d = -j. Determine m(d).
-1
Let y be (-14)/21*(-1 + 10). Let m(s) = -s**3 + 6*s**2 - 4*s - 2. Let j be m(5). Let t(h) = 2*h**3 + 11*h**2 - 7 - 3*h**j + 2*h**3 - 5*h**2. Calculate t(y).
-7
Let r be 1/(-1) + (7 - -2). Suppose -r = -5*u + 3*u. Let t(z) = -2 - 5 + u*z - 3*z - 2*z. Give t(-3).
-4
Let p(h) = 13 + h + 12 - 11 - 1 + 6. What is p(-8)?
11
Let k(p) = -p - 7. Let d be k(-10). Let f(g) = -g - 1 + 11*g**3 + 0*g**3 - g**d. What is f(-1)?
-10
Let c(v) be the first derivative of -v**4/4 + 2*v**3 - 2*v**2 + 2*v - 5. Let o = 25 - 20. Give c(o).
7
Let j(f) be the third derivative of -f**6/120 + f**5/15 - f**4/12 + f**3 - 3*f**2 + 10*f. What is j(4)?
-2
Let m(o) = -o**2 - 5*o + 3. Suppose 0 = -112*a + 109*a + 6. Let n be -5 + (a - (-2 + 4)). Determine m(n).
3
Let g(l) be the second derivative of l**5/20 + 7*l**4/6 - 5*l**3/2 + 7*l**2/2 + 433*l. Give g(-15).
7
Let k(n) be the second derivative of 29*n + 0 - 3*n**2 - 2/3*n**3 - 1/2*n**4 - 1/20*n**5. Give k(-5).
-11
Let x be ((-8)/(-1))/((-32)/(-24)). Let k(y) = y**2 - 6*y + 13. Give k(x).
13
Let t(p) = -1. Let n(a) = -a**2 - 3*a + 5. Let d(g) = n(g) + 4*t(g). Let q = -49 + 42. Let u = q + 3. Determine d(u).
-3
Let o be ((-3)/4)/((203/(-28))/(-29)). Let z(u) = -3*u**2 - 5*u - 3. What is z(o)?
-15
Let u(c) = -7*c - 38. Let q(h) = 12*h + 72. Let a(r) = 4*q(r) + 7*u(r). Give a(0).
22
Suppose y = 4*y - 6. Let g(k) = 0 + 2 + 826*k - 824*k. Determine g(y).
6
Let t(s) = -s**2 + 2*s + 1. Let h(g) = g**3 - 2*g**2 - 7*g + 5. Let q be h(-2). Give t(q).
-2
Let r(m) = 3*m**3 - 12*m**2 - m. Let l(p) = 2*p**2 + p. Let n(w) = -4*l(w) - r(w). Calculate n(2).
-14
Suppose g = 5*l - 12, 4*g = -l + 10 - 16. Let h(s) = -s - 3. Calculate h(g).
-1
Let r be (65/52)/((-2)/(-8)). Suppose 0 = -r*g + 10*g - 30. Let z(d) = d**2 - 6*d - 3. Give z(g).
-3
Let y(h) = 2*h - 5. Let g(q) = -3*q + 8. Let b(k) = 5*g(k) + 8*y(k). Let m be b(0). Let w = -5 - m. Let n(j) = j**3 + 4*j**2 - 5*j + 1. Give n(w).
1
Let b(a) = 9*a - 2. Let t(s) = -7*s - 2*s**2 + 3*s**2 + 9*s + 10*s - 43. Let z be t(-15). Calculate b(z).
16
Let n be (21/(-14))/(3/(-4)). Let z(h) = 0 + 0*h + 4 - n - h. Suppose 4*o = d + 5*o - 4, 0 = -5*d - 2*o + 8. Give z(d).
2
Let v be ((-8)/12)/(2/(-21)). Suppose v*c - c - 48 = 0. Let a(u) = -u + 12. What is a(c)?
4
Suppose 3*d + 24 = -4*j - 1, 0 = -2*j + 3*d + 1. Let w be (j/4 - 0)*-3. Let y(p) be the second derivative of -p**3/6 - 3*p**2/2 + p. Determine y(w).
-6
Let q be 50/(-45) - 2/(-18). Let z be 5/2 + q/(-2). Let l(j) = j - 7. Determine l(z).
-4
Let b(t) = t**2 + t + 5. Suppose 0 = -4*c + 6*y - 12, 3*y = -4*c - 12. Calculate b(c).
11
Let i(n) = -46*n**3 - 3*n**2 + 14*n - 17. Let z(p) = -15*p**3 - p**2 + 5*p - 6. Let b(t) = 6*i(t) - 17*z(t). Calculate b(-1).
21
Let q(l) = -l + 4. Let a(i) = -i**2 + 2*i + 2. Let w(z) = a(z) + q(z). Let v(u) = u - 4. Let p be v(4). Calculate w(p).
6
Let w = -60 - -59. Let g(y) = -y**3 + 3*y**2 + 6*y - 3. Let v be g(4). Let l(o) = 0*o**2 - v*o - 1 + 2*o**2 - 3*o**3 - 4*o**2 + 3*o. What is l(w)?
2
Let n be (-2)/5 - (-12)/5. Let j(z) be the third derivative of -z**6/60 + z**4/12 - z**3/6 + 2086*z**2. What is j(n)?
-13
Let d(p) = 7*p**2 + 12*p - 7. Let u(t) = 3*t**2 + 6*t - 3. Let c(q) = 2*d(q) - 5*u(q). Let b(h) = h + 1. Let j be b(-3). Let y be (-90)/25 - j/(-5). Give c(y).
9
Let y(q) = -2*q**2 - 58*q + 103. Let n be y(-31). Let j(a) = -a**3 - 20*a**2 + 22*a + 18. Determine j(n).
-3
Let l(h) be the second derivative of -h**7/840 - h**6/72 + 7*h**4/24 - h**3/6 - 13*h. Let f(j) be the second derivative of l(j). Give f(-5).
7
Suppose -4*l + 9*l + 140 = 0. Let o = -30 - l. Let p(r) = 2*r. Calculate p(o).
-4
Let j(h) be the first derivative of h**2/2 + 5*h - 80. What is j(6)?
11
Let s(g) = -g**2 + 4*g. Let l(o) = 4*o**2 + 11 - 5*o**2 + 2*o**2 - 9*o + 0*o**2. Let m be l(8). Let j = 6 - m. Calculate s(j).
3
Let j be -2 + 4*50/4. Let s = -45 + j. Let z(q) = -2*q**3 + 4*q**2 + 2. What is z(s)?
-16
Let c(o) = -2*o + 2. Let i(n) = -n + 9. Let h be i(7). Suppose q - h*q - 20 = 0.